j = 264*j - 90216. Calculate the remainder when j is divided by 36.
34
Suppose 0 = -3*a - 31*a + 43826. What is the remainder when a is divided by 30?
29
Let f = 494 + -176. Let q = -171 + f. Calculate the remainder when q is divided by (-3)/3 + 38*1.
36
Let o(b) = -60*b + 256. What is the remainder when o(-5) is divided by 6?
4
Let t = -2052 - -1162. Let z = -879 - t. What is the remainder when 53 is divided by z?
9
Let s(a) = -4*a + 2. Suppose 9*x = -28 - 71. Calculate the remainder when s(-4) is divided by x + (-75)/(-15) + 1*13.
4
Let i = 5367 + -5271. Calculate the remainder when 274 is divided by i.
82
Suppose x - 7744 = 5*x. Let l be 3*(1 - x/12). Suppose -3*b + 3*f + 2*f + 287 = 0, 5*b - 4*f = l. Calculate the remainder when b is divided by 34.
31
Calculate the remainder when (-6 + 4 + -3)*-83 + 2 is divided by 5.
2
Let a be 7 + (-9)/((-36)/(-16)). Suppose -3*o = 3*i + 2*i - 2, 5*i - 8 = a*o. What is the remainder when i is divided by 1?
0
Let q = -404 - -421. Calculate the remainder when 311 is divided by q.
5
Let v = -280 + 800. Suppose 4*r - v = -84. Suppose -9*n - 59 + 256 + 73 = 0. Calculate the remainder when r is divided by n.
19
Let o be 2*(-1 + 6 + (-11)/(-2)). Suppose 0 = -h - 2 + o. What is the remainder when 4/(-3)*(-111)/2 is divided by h?
17
Let h = -37 - -55. Suppose -1173 = -30*i + 13*i. Suppose -77*q + 232 = -i*q. What is the remainder when q is divided by h?
11
Suppose 6144 + 14147 + 9189 = 134*r. Calculate the remainder when 27277 is divided by r.
217
Let z(y) = -4*y**2 + 45*y + 56. Let w be z(22). Let i = -541 - w. What is the remainder when i is divided by 50?
49
Let g be -9*(4/8)/(2/36). Let x = -64 - g. Let h = x + 21. Calculate the remainder when h is divided by 13.
12
Let g(t) be the second derivative of 47*t**3/6 - 3*t**2/2 - 14*t. Let m = 776 + -471. What is the remainder when m is divided by g(1)?
41
Let u = 39 + -34. Suppose y + 5*a = 6*y - 60, -u*a - 51 = -4*y. Suppose y*f = 15*f - 138. What is the remainder when 91 is divided by f?
22
Let r = -43 - -44. Let w(q) = 11*q**2 + r - 3*q**2 - 6 - 2*q + 2 + q**3. What is the remainder when 49 is divided by w(-8)?
10
Let o = -6321 + 6808. What is the remainder when o is divided by 39?
19
Let a be ((-20)/25)/(4/50). Calculate the remainder when (24/a)/((-12)/200) is divided by 29.
11
Let m = 112 + -47. Let p(o) = -o - 1. Let h(c) = -10*c + 8. Let x(r) = h(r) + 6*p(r). What is the remainder when m is divided by x(-2)?
31
Let w(o) = o**3 - 93*o**2 + 379*o - 566. Calculate the remainder when w(89) is divided by 489.
14
Let z = -1166 - -1209. Suppose -2 = -4*b + 2*b. Calculate the remainder when z is divided by b/((-52)/18 - -3).
7
Suppose 16*a + 3181 = -1411. Let p = -250 - a. What is the remainder when p is divided by 24?
13
Suppose 3*s - 12 - 3 = 0. Suppose -3*p + 7 = -s. Calculate the remainder when p - (-36 + -2 + -1) is divided by 12.
7
Suppose 5*z - 11 = 2*d, 7*d - 3*d + 2*z = 14. Let l(c) = 53*c**3 - 9*c**2 + 13*c + 1. Calculate the remainder when l(d) is divided by 16.
15
Suppose 0 = 2*n + 39*t - 41*t - 1104, 6*n - 3*t - 3321 = 0. What is the remainder when n is divided by 3?
0
Suppose 7*h = 2*h + 240. Let a(i) = -i**2 + 473*i + 13525. What is the remainder when h is divided by a(-27)?
23
Suppose -1062 = -56*s + 450. Calculate the remainder when s is divided by (34/4)/(3/6).
10
Let d = 116 - 26. Calculate the remainder when 1075 is divided by d.
85
Suppose -5*t - 152*b + 155*b + 78 = 0, -3*t + 5*b + 34 = 0. Calculate the remainder when ((-1)/(-2))/(3/750) is divided by t.
17
Let d(o) = 5*o - 6. Suppose -49*q = -6*q - 860. What is the remainder when d(11) is divided by q?
9
Suppose 5*p - 4*s - 1649 = 746, 3*p = -2*s + 1415. Suppose -472*a - 282 = -p*a. What is the remainder when 279 is divided by a?
91
Let d(p) = 2*p**2 + 37*p + 192. Calculate the remainder when 269 is divided by d(-7).
21
Let c(s) = s**2 + 42*s + 42. Let l(r) = 16*r + 37. Let w be l(-5). Calculate the remainder when c(w) is divided by 33.
19
Let l = -2125 - -2154. What is the remainder when 2087 is divided by l?
28
Let y = 66 + -68. Let g(l) = l**3 - 15*l**2 + 28*l - 15. What is the remainder when g(13) is divided by 9 - ((-6)/y + 7/(-7))?
4
Suppose 8*s - 1287 = -5*s. Let j be (-35)/(-11) - (-3)/(s/(-6)). Suppose j*y - c = 239, -c + 166 = 2*y - 5*c. Calculate the remainder when y is divided by 43.
36
What is the remainder when 47 is divided by (((-8)/42)/(-4)*-129 - -5)*-7?
7
Let u(b) = b + 134. Let t(n) = -2. Let h(v) = -t(v) + u(v). Calculate the remainder when h(-12) is divided by 64.
60
Suppose -17*b - 13*b + 41760 = 0. Suppose 9*z = -15*z + b. Suppose -3*c - c + 64 = 0. What is the remainder when z is divided by c?
10
Let g = 4151 + -3882. What is the remainder when g is divided by 44?
5
Suppose -5*h - 3*h = 32. Let v be 1/1*-7*h/(-4). Let g(r) = -r. Calculate the remainder when 11 is divided by g(v).
4
Suppose 12*n - 2644 - 246 - 386 = 0. What is the remainder when 1064 is divided by n?
245
Suppose -2*j - 65 = -15*j. Suppose s = j*o - 127, 4*o + 5*s - 119 = -0*o. Calculate the remainder when 127 is divided by o.
23
Let j = 4077 + -3776. Calculate the remainder when j is divided by 16.
13
Let d = -6353 + 6440. Calculate the remainder when 1959 is divided by d.
45
Let j(w) = 6*w + 23. Let i be j(10). Suppose 3*l = i + 118. Suppose y = 14 + 4. Calculate the remainder when l is divided by y.
13
Let r(y) = -y - 4. Suppose 4*o = 8, -f + 5*o = 4*f + 25. Let q be -1 - f*24/(-4). What is the remainder when 55 is divided by r(q)?
10
Let j = 33283 + -33276. What is the remainder when 1889 is divided by j?
6
Let o = 614 + -529. Let b = o - 82. Calculate the remainder when 222 is divided by b.
0
Suppose -85*z + 21230 = 25*z. Calculate the remainder when z is divided by 38.
3
Let d(m) = -9*m**3 - 93*m**2 - 33*m - 10. Calculate the remainder when 119 is divided by d(-10).
19
Suppose 489 + 1485 = 47*x. What is the remainder when 690 is divided by x?
18
Suppose 43*f + 17*f - 60236 - 21904 = 0. Calculate the remainder when f is divided by 55.
49
Suppose 4*n = 4*w - 1448, -1448 = -4*w + 11*n - 8*n. Let d = -304 + w. What is the remainder when d is divided by 24?
10
Suppose -18*l = -1841 + 95. Let r = l + -63. Calculate the remainder when 235 is divided by r.
31
Suppose 0 = 5*o - 53 - 2. Suppose -4*a + 3*l = -544, -3*a + 397 = 2*l + 6. Let m = a - 131. What is the remainder when o is divided by m?
1
Let t(u) = -380*u + 1249. Suppose -w - 28 = -3*w - 5*y, -14 = -w - 2*y. Calculate the remainder when t(3) is divided by w.
11
Suppose 6613 - 1477 = 107*v. Calculate the remainder when 800 is divided by v.
32
Let z(t) = t**3 - 3*t + 4. Let v be z(2). Let d be v*(-123)/(-8) + 3/4. Let s = d - 51. What is the remainder when s is divided by 22?
20
Let r be (-1)/(-6) - 3602/12. Let v = r + 467. Suppose 21 = -15*q + 336. What is the remainder when v is divided by q?
20
Let m(o) = -o**3 - 9*o**2 - 10*o - 4. Let y be m(-7). Let v = 34 + y. Suppose 2*g - v - 6 = 0. Calculate the remainder when 17 is divided by g.
1
Let n(c) = 25*c - 9*c**2 - 42*c**2 + 8 - 2*c**3 + 6. Calculate the remainder when 199 is divided by n(-26).
39
Let t(s) = s**2 - 5*s + 1. Let i = -12124 + 12358. Calculate the remainder when i is divided by t(6).
3
Let h(i) = i**3 + i**2 + i + 10. Let m be h(0). Let u = 992 - 972. Calculate the remainder when 4/m - 483/(-5) is divided by u.
17
Let m(t) = 28*t - 120. Suppose 2*w + 48 = 6*w. What is the remainder when m(5) is divided by w?
8
Let c be 0 + 1 + (-18)/18. Let n be (c + -122)*(-4)/(-8). Let v = -28 - n. What is the remainder when 64 is divided by v?
31
Let y(w) = 21*w**2 + 14*w - 4. Let g(p) = -p + 3. Let i be g(1). Calculate the remainder when y(i) is divided by 98.
10
Suppose 112*t - 858 = 106*t. Suppose 15*m = 457 + t. Calculate the remainder when m is divided by 24.
16
Let d = 243 - 262. What is the remainder when 113 is divided by d*((-6)/5)/(48/120)?
56
Suppose 19*n - 17550 = -4*n - 16*n. Calculate the remainder when n is divided by 54.
18
Let f(c) = -189*c + 129. Let j be f(4). Calculate the remainder when 56 is divided by (-1)/(-10) - j/30.
14
Let d = -1229 + 1521. What is the remainder when d is divided by 148?
144
Let s be ((-5)/10)/(2/244). Let l be (-13)/(-91) - 576/14. Let z = l - 